{"id":1111,"date":"2022-10-07T03:23:27","date_gmt":"2022-10-06T19:53:27","guid":{"rendered":"https:\/\/tanitastore.vn\/?post_type=product&#038;p=1111"},"modified":"2022-10-19T14:40:11","modified_gmt":"2022-10-19T07:10:11","slug":"can-suc-khoe-dien-tu-tanita-hd-379","status":"publish","type":"product","link":"https:\/\/tanitastore.vn\/index.php\/product\/can-suc-khoe-dien-tu-tanita-hd-379\/","title":{"rendered":"C\u00e2n s\u1ee9c kh\u1ecfe \u0111i\u1ec7n t\u1eed Tanita HD-379"},"content":{"rendered":"<div class=\"row align-middle align-center\"  id=\"row-1991212723\">\n\n\t<div id=\"col-751675664\" class=\"col small-12 large-12\"  >\n\t\t\t\t<div class=\"col-inner text-center\"  >\n\t\t\t\n\t\t\t\n\t<div class=\"box has-hover   has-hover box-text-bottom\" >\n\n\t\t<div class=\"box-image\" style=\"width:10%;\">\n\t\t\t\t\t\t<div class=\"\" >\n\t\t\t\t<img loading=\"lazy\" decoding=\"async\" width=\"200\" height=\"200\" src=\"https:\/\/tanitastore.vn\/wp-content\/uploads\/2022\/10\/khan-lau.jpg\" class=\"attachment- size-\" alt=\"\" srcset=\"https:\/\/tanitastore.vn\/wp-content\/uploads\/2022\/10\/khan-lau.jpg 200w, https:\/\/tanitastore.vn\/wp-content\/uploads\/2022\/10\/khan-lau-150x150.jpg 150w, https:\/\/tanitastore.vn\/wp-content\/uploads\/2022\/10\/khan-lau-100x100.jpg 100w\" sizes=\"auto, (max-width: 200px) 100vw, 200px\" \/>\t\t\t\t\t\t\t\t\t\t\t<\/div>\n\t\t\t\t\t<\/div>\n\n\t\t<div class=\"box-text text-center\" >\n\t\t\t<div class=\"box-text-inner\">\n\t\t\t\t\n<h4>T\u1eb7ng m\u1ed9t kh\u0103n lau cotton<\/h4>\n<div class=\"row align-middle align-center\"  id=\"row-558089782\">\n\n\t<div id=\"col-921773762\" class=\"col medium-6 small-12 large-6\"  >\n\t\t\t\t<div class=\"col-inner text-center\"  >\n\t\t\t\n\t\t\t\n\t<div class=\"img has-hover x md-x lg-x y md-y lg-y\" id=\"image_1013801890\">\n\t\t\t\t\t\t\t\t<div class=\"img-inner dark\" >\n\t\t\t<img loading=\"lazy\" decoding=\"async\" width=\"600\" height=\"450\" src=\"https:\/\/tanitastore.vn\/wp-content\/uploads\/2022\/10\/HD379.jpg\" class=\"attachment-large size-large\" alt=\"\" srcset=\"https:\/\/tanitastore.vn\/wp-content\/uploads\/2022\/10\/HD379.jpg 600w, https:\/\/tanitastore.vn\/wp-content\/uploads\/2022\/10\/HD379-300x225.jpg 300w\" sizes=\"auto, (max-width: 600px) 100vw, 600px\" \/>\t\t\t\t\t\t\n\t\t\t\t\t<\/div>\n\t\t\t\t\t\t\t\t\n<style>\n#image_1013801890 {\n  width: 71%;\n}\n<\/style>\n\t<\/div>\n\t\n\t\t<\/div>\n\t\t\t\t\t<\/div>\n\n\t\n\n\t<div id=\"col-1616380444\" class=\"col medium-6 small-12 large-6\"  >\n\t\t\t\t<div class=\"col-inner text-center\"  >\n\t\t\t\n\t\t\t\n<ul>\n<li style=\"text-align: justify;\">M\u00e0n h\u00ecnh hi\u1ec3n th\u1ecb Digital l\u1edbn &#8211; 30mm, gi\u00fap b\u1ea1n d\u1ec5 \u0111\u1ecdc k\u1ebft qu\u1ea3 \u0111o.<\/li>\n<li style=\"text-align: justify;\">C\u01a1 ch\u1ebf &#8211; &#8220;kh\u00f4ng n\u00fat&#8221; gi\u00fap b\u1ea1n d\u1ec5 d\u00e0ng c\u00e2n m\u00e0 kh\u00f4ng c\u1ea7n ph\u1ea3i s\u1eed d\u1ee5ng b\u1ea5t k\u00ec n\u00fat n\u00e0o \u0111\u1ec3 c\u00e2n, b\u1ea1n ch\u1ec9 c\u1ea7n \u0111\u1ee9ng l\u00ean c\u00e2n, k\u1ebft qu\u1ea3 s\u1ebd hi\u1ec7n th\u1ecb ngay sau khi b\u1ea1n \u0111\u1ee9ng l\u00ean<\/li>\n<li style=\"text-align: justify;\">K\u1ebft qu\u1ea3 ch\u00ednh x\u00e1c v\u00e0 tin c\u1eady b\u1edfi nh\u00e0 s\u1ea3n xu\u1ea5t c\u00e2n Tanita &#8211; nh\u00e0 s\u1ea3n xu\u1ea5t d\u1eabn \u0111\u1ea7u th\u1ebf gi\u1edbi su\u1ed1t h\u01a1n 60 n\u0103m trong l\u0129nh v\u1ef1c c\u00e2n ph\u00e2n t\u00edch c\u01a1 th\u1ec3.<\/li>\n<\/ul>\n\t\t<\/div>\n\t\t\t\t\t<\/div>\n\n\t\n<\/div>\n<div class=\"row align-middle align-center\"  id=\"row-327866062\">\n\n\t<div id=\"col-95981360\" class=\"col medium-6 small-12 large-6\"  >\n\t\t\t\t<div class=\"col-inner text-center\"  >\n\t\t\t\n\t\t\t\n\t<div class=\"img has-hover x md-x lg-x y md-y lg-y\" id=\"image_1832214767\">\n\t\t\t\t\t\t\t\t<div class=\"img-inner dark\" >\n\t\t\t<img loading=\"lazy\" decoding=\"async\" width=\"600\" height=\"450\" src=\"https:\/\/tanitastore.vn\/wp-content\/uploads\/2022\/10\/HD379b.jpg\" class=\"attachment-large size-large\" alt=\"\" srcset=\"https:\/\/tanitastore.vn\/wp-content\/uploads\/2022\/10\/HD379b.jpg 600w, https:\/\/tanitastore.vn\/wp-content\/uploads\/2022\/10\/HD379b-300x225.jpg 300w\" sizes=\"auto, (max-width: 600px) 100vw, 600px\" \/>\t\t\t\t\t\t\n\t\t\t\t\t<\/div>\n\t\t\t\t\t\t\t\t\n<style>\n#image_1832214767 {\n  width: 70%;\n}\n<\/style>\n\t<\/div>\n\t\n\t\t<\/div>\n\t\t\t\t\t<\/div>\n\n\t\n\n\t<div id=\"col-722339174\" class=\"col medium-6 small-12 large-6\"  >\n\t\t\t\t<div class=\"col-inner\"  >\n\t\t\t\n\t\t\t\n<ul>\n<li style=\"text-align: justify;\">Thi\u1ebft k\u1ebf \u0111\u1eb9p: M\u00e0u tr\u1eafng v\u1edbi m\u1eb7t k\u00ednh c\u01b0\u1eddng l\u1ef1c\u00a0 \u0111\u1ed9 d\u00e0y 5mm \u0111\u01b0\u1ee3c thi\u1ebft k\u1ebf m\u1ea1nh m\u1ebd v\u00e0 phong c\u00e1ch.<\/li>\n<li>\n<div class=\"page\" title=\"Page 1\">\n<div class=\"layoutArea\">\n<div class=\"column\">\n<p style=\"text-align: justify;\">C\u00f3 c\u1ea3nh b\u00e1o\u00a0qu\u00e1 c\u00e2n &#8211; m\u00e0n h\u00ecnh s\u1ebd hi\u1ec3n th\u1ecb\u00a0&#8220;OL&#8221; khi tro\u0323ng lu\u031b\u01a1\u0323ng ngu\u031b\u01a1\u0300i ca\u0302n vu\u031b\u01a1\u0323t qua\u0301 150kg &amp; c\u1ea3nh b\u00e1o pin y\u1ebfu khi ma\u0300n hi\u0300nh hi\u00ea\u0309n thi\u0323 &#8220;LO&#8221;<\/p>\n<\/div>\n<\/div>\n<\/div>\n<\/li>\n<\/ul>\n\t\t<\/div>\n\t\t\t\t\t<\/div>\n\n\t\n<\/div>\n\t\t\t<\/div>\n\t\t<\/div>\n\t<\/div>\n\t\n<div class=\"row align-middle align-center\"  id=\"row-2054095818\">\n\n\t<div id=\"col-1130186890\" class=\"col medium-6 small-12 large-6\"  >\n\t\t\t\t<div class=\"col-inner\"  >\n\t\t\t\n\t\t\t\n<h2 style=\"text-align: justify;\">H\u01b0\u1edbng d\u1eabn s\u1eed d\u1ee5ng<\/h2>\n<p style=\"text-align: justify;\">1.\u00a0\u0110\u1ea1\u0306t ca\u0302n tre\u0302n b\u00ea\u0300 m\u1ea1\u0306t ph\u0103\u0309ng, \u0111a\u0309m ba\u0309o ca\u0301c cha\u0302n \u0111\u00ea\u0301 cu\u0309a ca\u0302n ti\u00ea\u0301p xu\u0301c \u0111\u00ea\u0300u.<\/p>\n<p style=\"text-align: justify;\">2.\u00a0Cha\u0323m m\u1ecd\u0302t cha\u0302n le\u0302n c\u00e2\u0300n \u0111\u00ea\u0309 kh\u01a1\u0309i \u0111\u1ecd\u0302ng ca\u0302n, khi ma\u0300n hi\u0300nh hi\u00ea\u0309n thi\u0323 &#8220;0.0&#8221; thi\u0300 \u0111\u01b0\u0301ng le\u0302n ca\u0302n.<\/p>\n<p style=\"text-align: justify;\">3.\u00a0Ca\u0302n n\u1ea1\u0306ng cu\u0309a ba\u0323n se\u0303 hi\u00ea\u0309n thi\u0323, sau khi b\u1ea1n \u0111\u1ee9ng l\u00ean<\/p>\n<p style=\"text-align: justify;\">4. Thi\u00ea\u0301t bi\u0323 se\u0303 t\u01b0\u0323 \u0111\u1ecd\u0302ng t\u0103\u0301t sau 30s n\u1ebfu b\u1ea1n \u0111o xong.<\/p>\n\t\t<\/div>\n\t\t\t\t\t<\/div>\n\n\t\n\n\t<div id=\"col-1851928225\" class=\"col medium-6 small-12 large-6\"  >\n\t\t\t\t<div class=\"col-inner text-center\"  >\n\t\t\t\n\t\t\t\n\t<div class=\"img has-hover x md-x lg-x y md-y lg-y\" id=\"image_1700954018\">\n\t\t\t\t\t\t\t\t<div class=\"img-inner dark\" >\n\t\t\t<img loading=\"lazy\" decoding=\"async\" width=\"600\" height=\"450\" src=\"https:\/\/tanitastore.vn\/wp-content\/uploads\/2022\/10\/HD379c.jpg\" class=\"attachment-large size-large\" alt=\"\" srcset=\"https:\/\/tanitastore.vn\/wp-content\/uploads\/2022\/10\/HD379c.jpg 600w, https:\/\/tanitastore.vn\/wp-content\/uploads\/2022\/10\/HD379c-300x225.jpg 300w\" sizes=\"auto, (max-width: 600px) 100vw, 600px\" \/>\t\t\t\t\t\t\n\t\t\t\t\t<\/div>\n\t\t\t\t\t\t\t\t\n<style>\n#image_1700954018 {\n  width: 81%;\n}\n<\/style>\n\t<\/div>\n\t\n\t\t<\/div>\n\t\t\t\t\t<\/div>\n\n\t\n<\/div>\n\t\t<\/div>\n\t\t\t\t\t<\/div>\n\n\t\n<\/div>\n\t<div id=\"text-675886192\" class=\"text\">\n\t\t\n<h2 style=\"text-align: justify;\">Th\u00f4ng s\u1ed1 k\u1ef9 thu\u1eadt<\/h2>\n\t\t\n<style>\n#text-675886192 {\n  text-align: left;\n}\n<\/style>\n\t<\/div>\n\t\n<div class=\"row align-middle align-center\"  id=\"row-2039531913\">\n\n\t<div id=\"col-1383395480\" class=\"col medium-6 small-12 large-6\"  >\n\t\t\t\t<div class=\"col-inner text-center\"  >\n\t\t\t\n\t\t\t\n\t<div id=\"text-1355936222\" class=\"text\">\n\t\t\n<table style=\"width: 91.041%;\" border=\"1\" width=\"718\">\n<tbody>\n<tr>\n<td style=\"width: 23.0283%;\">Model<\/td>\n<td style=\"width: 48.1616%;\"><strong>HD-379<\/strong><\/td>\n<\/tr>\n<tr>\n<td style=\"width: 23.0283%;\">Ngu\u1ed3n \u0111i\u1ec7n<\/td>\n<td style=\"width: 48.1616%;\"><strong>CR2032(3V)<\/strong><\/td>\n<\/tr>\n<tr>\n<td style=\"width: 23.0283%;\">C\u00f4ng ngh\u1ec7 c\u00e2n<\/td>\n<td style=\"width: 48.1616%;\"><strong>C\u1ea3m bi\u1ebfn tr\u1ecdng t\u1ea3i<\/strong><\/td>\n<\/tr>\n<tr>\n<td style=\"width: 23.0283%;\">K\u00edch th\u01b0\u1edbc<\/td>\n<td style=\"width: 48.1616%;\">\n<div title=\"Page 20\">\n<div title=\"Page 20\">\n<p><strong>32\u00a0x 30\u00a0x 1.6(cm)<\/strong><\/p>\n<\/div>\n<\/div>\n<\/td>\n<\/tr>\n<tr>\n<td style=\"width: 23.0283%;\">\n<div title=\"Page 20\">\n<div>\n<div>\n<div>\n<p>T\u00f4\u0309ng tro\u0323ng lu\u031b\u01a1\u0323ng<\/p>\n<\/div>\n<\/div>\n<\/div>\n<\/div>\n<\/td>\n<td style=\"width: 48.1616%;\">\n<div title=\"Page 20\">\n<p><strong>1.4 kg<\/strong><\/p>\n<\/div>\n<\/td>\n<\/tr>\n<tr>\n<td style=\"width: 23.0283%;\">M\u00e0u s\u1eafc<\/td>\n<td style=\"width: 48.1616%;\"><strong>Tr\u1eafng<\/strong><\/td>\n<\/tr>\n<\/tbody>\n<\/table>\n\t\t\n<style>\n#text-1355936222 {\n  text-align: center;\n}\n<\/style>\n\t<\/div>\n\t\n\t\t<\/div>\n\t\t\t\t\t<\/div>\n\n\t\n<\/div>\n","protected":false},"excerpt":{"rendered":"<div class=\"product attribute overview\">\n<div class=\"value\" style=\"text-align: justify;\">C\u00e2n s\u1ee9c kho\u1ebb \u0111i\u1ec7n t\u1eed Tanita HD-379 \u0111\u1ebfn t\u1eeb th\u01b0\u01a1ng hi\u1ec7u Tanita Nh\u1eadt B\u1ea3n &#8211; th\u01b0\u01a1ng hi\u1ec7u c\u00e2n ph\u00e2n t\u00edch s\u1ed1 1 th\u1ebf gi\u1edbi v\u1ec1 \u0111\u1ed9 ch\u00ednh x\u00e1c v\u1edbi h\u01a1n 70 n\u0103m kinh nghi\u1ec7m nghi\u00ean c\u1ee9u v\u00e0 s\u1ea3n xu\u1ea5t c\u00e1c d\u00f2ng c\u00e2n \u0111i\u1ec7n t\u1eed ph\u00e2n t\u00edch ch\u1ec9 s\u1ed1 c\u01a1 th\u1ec3 s\u1eed d\u1ee5ng trong b\u1ec7nh vi\u1ec7n, ph\u00f2ng gym, trung t\u00e2m dinh d\u01b0\u1ee1ng v\u00e0 c\u00e1c h\u1ed9 gia \u0111\u00ecnh.<\/div>\n<\/div>\n<div class=\"content-delivery\">\n<ul>\n<li style=\"text-align: justify;\">\u0110o \u0111\u01b0\u1ee3c tr\u1ecdng l\u01b0\u1ee3ng c\u01a1 th\u1ec3 ch\u00ednh x\u00e1c<\/li>\n<li style=\"text-align: justify;\">Thi\u1ebft k\u1ebf CH\u1ea0M, KH\u00d4NG D\u00d9NG N\u00daT.\u00a0B\u1ea1n ch\u1ec9 c\u1ea7n ch\u1ea1m nh\u1eb9 v\u00e0 \u0111\u1ee9ng 2 ch\u00e2n l\u00ean b\u00e0n c\u00e2n<\/li>\n<li style=\"text-align: justify;\">Thi\u1ebft k\u1ebf si\u00eau m\u1ecfng, sang tr\u1ecdng<\/li>\n<li style=\"text-align: justify;\">M\u1eb7t k\u00ednh c\u01b0\u1eddng l\u1ef1c<\/li>\n<li style=\"text-align: justify;\">M\u00e0n h\u00ecnh LCD hi\u1ec3n th\u1ecb k\u1ebft qu\u1ea3 r\u00f5 r\u00e0ng, s\u1eafc n\u00e9t<\/li>\n<li style=\"text-align: justify;\">C\u00f4ng ngh\u1ec7 c\u00e2n: c\u1ea3m bi\u1ebfn tr\u1ecdng t\u1ea3i<\/li>\n<li style=\"text-align: justify;\">S\u1ea3n ph\u1ea9m b\u1ec1n, t\u1ed1t, b\u1ea3o h\u00e0nh 3 th\u00e1ng, b\u1ea3o tr\u00ec tr\u1ecdn \u0111\u1eddi<\/li>\n<\/ul>\n<\/div>\n","protected":false},"featured_media":1114,"comment_status":"open","ping_status":"closed","template":"","meta":[],"product_cat":[27],"product_tag":[],"class_list":["post-1111","product","type-product","status-publish","has-post-thumbnail","hentry","product_cat-can-dien-tu"],"yoast_head":"<!-- This site is optimized with the Yoast SEO plugin v19.5.1 - https:\/\/yoast.com\/wordpress\/plugins\/seo\/ -->\n<title>C\u00e2n s\u1ee9c kh\u1ecfe \u0111i\u1ec7n t\u1eed Tanita HD-379 - tanita store vn<\/title>\n<meta name=\"robots\" content=\"index, follow, max-snippet:-1, max-image-preview:large, max-video-preview:-1\" \/>\n<link rel=\"canonical\" href=\"https:\/\/tanitastore.vn\/index.php\/product\/can-suc-khoe-dien-tu-tanita-hd-379\/\" \/>\n<meta property=\"og:locale\" content=\"vi_VN\" \/>\n<meta property=\"og:type\" content=\"article\" \/>\n<meta property=\"og:title\" content=\"C\u00e2n s\u1ee9c kh\u1ecfe \u0111i\u1ec7n t\u1eed Tanita HD-379 - tanita store vn\" \/>\n<meta property=\"og:description\" content=\"C\u00e2n s\u1ee9c kho\u1ebb \u0111i\u1ec7n t\u1eed Tanita HD-379 \u0111\u1ebfn t\u1eeb th\u01b0\u01a1ng hi\u1ec7u Tanita Nh\u1eadt B\u1ea3n - th\u01b0\u01a1ng hi\u1ec7u c\u00e2n ph\u00e2n t\u00edch s\u1ed1 1 th\u1ebf gi\u1edbi v\u1ec1 \u0111\u1ed9 ch\u00ednh x\u00e1c v\u1edbi h\u01a1n 70 n\u0103m kinh nghi\u1ec7m nghi\u00ean c\u1ee9u v\u00e0 s\u1ea3n xu\u1ea5t c\u00e1c d\u00f2ng c\u00e2n \u0111i\u1ec7n t\u1eed ph\u00e2n t\u00edch ch\u1ec9 s\u1ed1 c\u01a1 th\u1ec3 s\u1eed d\u1ee5ng trong b\u1ec7nh vi\u1ec7n, ph\u00f2ng gym, trung t\u00e2m dinh d\u01b0\u1ee1ng v\u00e0 c\u00e1c h\u1ed9 gia \u0111\u00ecnh.     \u0110o \u0111\u01b0\u1ee3c tr\u1ecdng l\u01b0\u1ee3ng c\u01a1 th\u1ec3 ch\u00ednh x\u00e1c  Thi\u1ebft k\u1ebf CH\u1ea0M, KH\u00d4NG D\u00d9NG N\u00daT.\u00a0B\u1ea1n ch\u1ec9 c\u1ea7n ch\u1ea1m nh\u1eb9 v\u00e0 \u0111\u1ee9ng 2 ch\u00e2n l\u00ean b\u00e0n c\u00e2n  Thi\u1ebft k\u1ebf si\u00eau m\u1ecfng, sang tr\u1ecdng  M\u1eb7t k\u00ednh c\u01b0\u1eddng l\u1ef1c  M\u00e0n h\u00ecnh LCD hi\u1ec3n th\u1ecb k\u1ebft qu\u1ea3 r\u00f5 r\u00e0ng, s\u1eafc n\u00e9t  C\u00f4ng ngh\u1ec7 c\u00e2n: c\u1ea3m bi\u1ebfn tr\u1ecdng t\u1ea3i  S\u1ea3n ph\u1ea9m b\u1ec1n, t\u1ed1t, b\u1ea3o h\u00e0nh 3 th\u00e1ng, b\u1ea3o tr\u00ec tr\u1ecdn \u0111\u1eddi\" \/>\n<meta property=\"og:url\" content=\"https:\/\/tanitastore.vn\/index.php\/product\/can-suc-khoe-dien-tu-tanita-hd-379\/\" \/>\n<meta property=\"og:site_name\" content=\"tanita store vn\" \/>\n<meta property=\"article:modified_time\" content=\"2022-10-19T07:10:11+00:00\" \/>\n<meta property=\"og:image\" content=\"https:\/\/tanitastore.vn\/wp-content\/uploads\/2022\/10\/DSC06087-01.jpg\" \/>\n\t<meta property=\"og:image:width\" content=\"600\" \/>\n\t<meta property=\"og:image:height\" content=\"600\" \/>\n\t<meta property=\"og:image:type\" content=\"image\/jpeg\" \/>\n<meta name=\"twitter:card\" content=\"summary_large_image\" \/>\n<meta name=\"twitter:label1\" content=\"\u01af\u1edbc t\u00ednh th\u1eddi gian \u0111\u1ecdc\" \/>\n\t<meta name=\"twitter:data1\" content=\"2 ph\u00fat\" \/>\n<script type=\"application\/ld+json\" class=\"yoast-schema-graph\">{\"@context\":\"https:\/\/schema.org\",\"@graph\":[{\"@type\":\"WebPage\",\"@id\":\"https:\/\/tanitastore.vn\/index.php\/product\/can-suc-khoe-dien-tu-tanita-hd-379\/\",\"url\":\"https:\/\/tanitastore.vn\/index.php\/product\/can-suc-khoe-dien-tu-tanita-hd-379\/\",\"name\":\"C\u00e2n s\u1ee9c kh\u1ecfe \u0111i\u1ec7n t\u1eed Tanita HD-379 - tanita store vn\",\"isPartOf\":{\"@id\":\"https:\/\/tanitastore.vn\/#website\"},\"datePublished\":\"2022-10-06T19:53:27+00:00\",\"dateModified\":\"2022-10-19T07:10:11+00:00\",\"breadcrumb\":{\"@id\":\"https:\/\/tanitastore.vn\/index.php\/product\/can-suc-khoe-dien-tu-tanita-hd-379\/#breadcrumb\"},\"inLanguage\":\"vi\",\"potentialAction\":[{\"@type\":\"ReadAction\",\"target\":[\"https:\/\/tanitastore.vn\/index.php\/product\/can-suc-khoe-dien-tu-tanita-hd-379\/\"]}]},{\"@type\":\"BreadcrumbList\",\"@id\":\"https:\/\/tanitastore.vn\/index.php\/product\/can-suc-khoe-dien-tu-tanita-hd-379\/#breadcrumb\",\"itemListElement\":[{\"@type\":\"ListItem\",\"position\":1,\"name\":\"Home\",\"item\":\"https:\/\/tanitastore.vn\/\"},{\"@type\":\"ListItem\",\"position\":2,\"name\":\"Shop\",\"item\":\"https:\/\/tanitastore.vn\/index.php\/shop\/\"},{\"@type\":\"ListItem\",\"position\":3,\"name\":\"C\u00e2n s\u1ee9c kh\u1ecfe \u0111i\u1ec7n t\u1eed Tanita HD-379\"}]},{\"@type\":\"WebSite\",\"@id\":\"https:\/\/tanitastore.vn\/#website\",\"url\":\"https:\/\/tanitastore.vn\/\",\"name\":\"tanita store vn\",\"description\":\"Nh\u00e0 ph\u00e2n ph\u1ed1i ch\u00ednh h\u00e3ng Tanita t\u1ea1i Vi\u1ec7t Nam\",\"potentialAction\":[{\"@type\":\"SearchAction\",\"target\":{\"@type\":\"EntryPoint\",\"urlTemplate\":\"https:\/\/tanitastore.vn\/?s={search_term_string}\"},\"query-input\":\"required name=search_term_string\"}],\"inLanguage\":\"vi\"}]}<\/script>\n<!-- \/ Yoast SEO plugin. -->","yoast_head_json":{"title":"C\u00e2n s\u1ee9c kh\u1ecfe \u0111i\u1ec7n t\u1eed Tanita HD-379 - tanita store vn","robots":{"index":"index","follow":"follow","max-snippet":"max-snippet:-1","max-image-preview":"max-image-preview:large","max-video-preview":"max-video-preview:-1"},"canonical":"https:\/\/tanitastore.vn\/index.php\/product\/can-suc-khoe-dien-tu-tanita-hd-379\/","og_locale":"vi_VN","og_type":"article","og_title":"C\u00e2n s\u1ee9c kh\u1ecfe \u0111i\u1ec7n t\u1eed Tanita HD-379 - tanita store vn","og_description":"C\u00e2n s\u1ee9c kho\u1ebb \u0111i\u1ec7n t\u1eed Tanita HD-379 \u0111\u1ebfn t\u1eeb th\u01b0\u01a1ng hi\u1ec7u Tanita Nh\u1eadt B\u1ea3n - th\u01b0\u01a1ng hi\u1ec7u c\u00e2n ph\u00e2n t\u00edch s\u1ed1 1 th\u1ebf gi\u1edbi v\u1ec1 \u0111\u1ed9 ch\u00ednh x\u00e1c v\u1edbi h\u01a1n 70 n\u0103m kinh nghi\u1ec7m nghi\u00ean c\u1ee9u v\u00e0 s\u1ea3n xu\u1ea5t c\u00e1c d\u00f2ng c\u00e2n \u0111i\u1ec7n t\u1eed ph\u00e2n t\u00edch ch\u1ec9 s\u1ed1 c\u01a1 th\u1ec3 s\u1eed d\u1ee5ng trong b\u1ec7nh vi\u1ec7n, ph\u00f2ng gym, trung t\u00e2m dinh d\u01b0\u1ee1ng v\u00e0 c\u00e1c h\u1ed9 gia \u0111\u00ecnh.     \u0110o \u0111\u01b0\u1ee3c tr\u1ecdng l\u01b0\u1ee3ng c\u01a1 th\u1ec3 ch\u00ednh x\u00e1c  Thi\u1ebft k\u1ebf CH\u1ea0M, KH\u00d4NG D\u00d9NG N\u00daT.\u00a0B\u1ea1n ch\u1ec9 c\u1ea7n ch\u1ea1m nh\u1eb9 v\u00e0 \u0111\u1ee9ng 2 ch\u00e2n l\u00ean b\u00e0n c\u00e2n  Thi\u1ebft k\u1ebf si\u00eau m\u1ecfng, sang tr\u1ecdng  M\u1eb7t k\u00ednh c\u01b0\u1eddng l\u1ef1c  M\u00e0n h\u00ecnh LCD hi\u1ec3n th\u1ecb k\u1ebft qu\u1ea3 r\u00f5 r\u00e0ng, s\u1eafc n\u00e9t  C\u00f4ng ngh\u1ec7 c\u00e2n: c\u1ea3m bi\u1ebfn tr\u1ecdng t\u1ea3i  S\u1ea3n ph\u1ea9m b\u1ec1n, t\u1ed1t, b\u1ea3o h\u00e0nh 3 th\u00e1ng, b\u1ea3o tr\u00ec tr\u1ecdn \u0111\u1eddi","og_url":"https:\/\/tanitastore.vn\/index.php\/product\/can-suc-khoe-dien-tu-tanita-hd-379\/","og_site_name":"tanita store vn","article_modified_time":"2022-10-19T07:10:11+00:00","og_image":[{"width":600,"height":600,"url":"https:\/\/tanitastore.vn\/wp-content\/uploads\/2022\/10\/DSC06087-01.jpg","type":"image\/jpeg"}],"twitter_card":"summary_large_image","twitter_misc":{"\u01af\u1edbc t\u00ednh th\u1eddi gian \u0111\u1ecdc":"2 ph\u00fat"},"schema":{"@context":"https:\/\/schema.org","@graph":[{"@type":"WebPage","@id":"https:\/\/tanitastore.vn\/index.php\/product\/can-suc-khoe-dien-tu-tanita-hd-379\/","url":"https:\/\/tanitastore.vn\/index.php\/product\/can-suc-khoe-dien-tu-tanita-hd-379\/","name":"C\u00e2n s\u1ee9c kh\u1ecfe \u0111i\u1ec7n t\u1eed Tanita HD-379 - tanita store vn","isPartOf":{"@id":"https:\/\/tanitastore.vn\/#website"},"datePublished":"2022-10-06T19:53:27+00:00","dateModified":"2022-10-19T07:10:11+00:00","breadcrumb":{"@id":"https:\/\/tanitastore.vn\/index.php\/product\/can-suc-khoe-dien-tu-tanita-hd-379\/#breadcrumb"},"inLanguage":"vi","potentialAction":[{"@type":"ReadAction","target":["https:\/\/tanitastore.vn\/index.php\/product\/can-suc-khoe-dien-tu-tanita-hd-379\/"]}]},{"@type":"BreadcrumbList","@id":"https:\/\/tanitastore.vn\/index.php\/product\/can-suc-khoe-dien-tu-tanita-hd-379\/#breadcrumb","itemListElement":[{"@type":"ListItem","position":1,"name":"Home","item":"https:\/\/tanitastore.vn\/"},{"@type":"ListItem","position":2,"name":"Shop","item":"https:\/\/tanitastore.vn\/index.php\/shop\/"},{"@type":"ListItem","position":3,"name":"C\u00e2n s\u1ee9c kh\u1ecfe \u0111i\u1ec7n t\u1eed Tanita HD-379"}]},{"@type":"WebSite","@id":"https:\/\/tanitastore.vn\/#website","url":"https:\/\/tanitastore.vn\/","name":"tanita store vn","description":"Nh\u00e0 ph\u00e2n ph\u1ed1i ch\u00ednh h\u00e3ng Tanita t\u1ea1i Vi\u1ec7t Nam","potentialAction":[{"@type":"SearchAction","target":{"@type":"EntryPoint","urlTemplate":"https:\/\/tanitastore.vn\/?s={search_term_string}"},"query-input":"required name=search_term_string"}],"inLanguage":"vi"}]}},"_links":{"self":[{"href":"https:\/\/tanitastore.vn\/index.php\/wp-json\/wp\/v2\/product\/1111","targetHints":{"allow":["GET"]}}],"collection":[{"href":"https:\/\/tanitastore.vn\/index.php\/wp-json\/wp\/v2\/product"}],"about":[{"href":"https:\/\/tanitastore.vn\/index.php\/wp-json\/wp\/v2\/types\/product"}],"replies":[{"embeddable":true,"href":"https:\/\/tanitastore.vn\/index.php\/wp-json\/wp\/v2\/comments?post=1111"}],"wp:featuredmedia":[{"embeddable":true,"href":"https:\/\/tanitastore.vn\/index.php\/wp-json\/wp\/v2\/media\/1114"}],"wp:attachment":[{"href":"https:\/\/tanitastore.vn\/index.php\/wp-json\/wp\/v2\/media?parent=1111"}],"wp:term":[{"taxonomy":"product_cat","embeddable":true,"href":"https:\/\/tanitastore.vn\/index.php\/wp-json\/wp\/v2\/product_cat?post=1111"},{"taxonomy":"product_tag","embeddable":true,"href":"https:\/\/tanitastore.vn\/index.php\/wp-json\/wp\/v2\/product_tag?post=1111"}],"curies":[{"name":"wp","href":"https:\/\/api.w.org\/{rel}","templated":true}]}}