{"id":1060,"date":"2022-10-06T15:32:04","date_gmt":"2022-10-06T15:32:04","guid":{"rendered":"https:\/\/tanitastore.vn\/?post_type=product&#038;p=1060"},"modified":"2024-08-31T13:29:39","modified_gmt":"2024-08-31T05:59:39","slug":"may-phan-tich-thanh-phan-co-the-tanita-mc-780ma-da-tan","status":"publish","type":"product","link":"https:\/\/tanitastore.vn\/index.php\/product\/may-phan-tich-thanh-phan-co-the-tanita-mc-780ma-da-tan\/","title":{"rendered":"M\u00e1y ph\u00e2n t\u00edch th\u00e0nh ph\u1ea7n c\u01a1 th\u1ec3 TANITA MC-780MA (\u0110a T\u1ea7n)"},"content":{"rendered":"<div class=\"product attribute description\">\n<div class=\"value\">\n<p style=\"text-align: justify;\"><strong style=\"color: #ed1c24; font-size: 20.16px;\">CH\u1ee8NG NH\u1eacN Y T\u1ebe<\/strong><\/p>\n<\/div>\n<\/div>\n<div id=\"landing\">\n<div class=\"node-item node-459934 \">\n<div class=\"ec-row-inner\">\n<div class=\"node-item ec-col-xl-6 ec-col-lg-6 ec-col-md-6 ec-col-sm-6 ec-col-12 node-103759\">\n<div class=\"wrap-inner\">\n<div class=\"node-item widget wysiwyg node-284931\">\n<ul>\n<li>C\u1ea4P CH\u00cdNH X\u00c1C: FDA, MDD Class II-a, NAWI Class III<\/li>\n<\/ul>\n<h3><\/h3>\n<h3><span style=\"color: #ed1c24;\"><strong>C\u00d4NG NGH\u1ec6 PH\u00c2N T\u00cdCH<\/strong><\/span><\/h3>\n<ul>\n<li>Ph\u00e2n t\u00edch t\u1eebng ph\u1ea7n c\u01a1 th\u1ec3 trong v\u00f2ng 20s v\u1edbi c\u00f4ng ngh\u1ec7 ph\u00e2n t\u00edch tr\u1edf kh\u00e1ng \u0111i\u1ec7n sinh h\u1ecdc\u00a0BIA \u0111a t\u1ea7n ti\u1ebfn ti\u1ebfn nh\u1ea5t.<\/li>\n<li>\u0110\u01b0\u1ee3c ch\u1ee9ng nh\u1eadn l\u00e2m s\u00e0ng, c\u1ea5p ph\u00e9p s\u1eed d\u1ee5ng trong t\u01b0 v\u1ea5n Y t\u1ebf.<\/li>\n<\/ul>\n<h3><\/h3>\n<h3><span style=\"color: #ed1c24;\"><strong>K\u1ebeT QU\u1ea2 \u0110\u1ea6U RA<\/strong><\/span><\/h3>\n<ul>\n<li>Th\u1ebb nh\u1edb SD t\u00edch h\u1ee3p gi\u00fap l\u1eefu tr\u1eef d\u1eef li\u1ec7u t\u1ef1 \u0111\u1ed9ng v\u00e0 t\u1ea3i xu\u1ed1ng khi c\u1ea7n thi\u1ebft cho c\u00e1c nghi\u00ean c\u1ee9u chuy\u00ean s\u00e2u.<\/li>\n<li>Ch\u1ee9c n\u0103ng nh\u1eadp ID cho ph\u00e9p l\u01b0u tr\u1eef d\u1eef li\u1ec7u c\u1ee7a m\u1ed7i b\u1ec7nh nh\u00e2n\/ kh\u00e1ch h\u00e0ng m\u1ed9t c\u00e1ch thu\u1eadn ti\u1ec7n v\u00e0 b\u1ea3o m\u1eadt. \u0110\u1ed3ng th\u1eddi \u0111\u1ea3m b\u1ea3o t\u00ednh \u1ea9n danh cho c\u00e1c nghi\u00ean c\u1ee9u.<\/li>\n<li>C\u1ed5ng k\u1ebft n\u1ed1i USB<\/li>\n<li>M\u00e0n h\u00ecnh \u0111i\u1ec1u khi\u1ec3n c\u00f3 th\u1ec3 \u0111\u1ed5i h\u01b0\u1edbng \u0111\u1ec3 c\u00f3 th\u1ec3 v\u1eadn h\u00e0nh d\u1ec5 d\u00e0ng t\u1eeb h\u01b0\u1edbng ng\u01b0\u1ee3c l\u1ea1i c\u0169ng nh\u01b0 b\u1ea3o m\u1eadt k\u1ebft qu\u1ea3 hi\u1ec3n th\u1ecb tr\u00ean m\u00e0n h\u00ecnh.<\/li>\n<li>B\u1ea3ng k\u1ebft qu\u1ea3 A4 \u0111\u00e1nh gi\u00e1 chi ti\u1ebft v\u00e0 chuy\u00ean nghi\u1ec7p. In tr\u1ef1c ti\u1ebfp t\u1eeb b\u1ea5t k\u1ef3 m\u00e1y in m\u00e0u Pictbrigde n\u00e0o.<\/li>\n<\/ul>\n<h3><\/h3>\n<h3><span style=\"color: #ed1c24;\"><strong>\u1ee8NG D\u1ee4NG L\u00c2M S\u00c0NG<\/strong><\/span><\/h3>\n<table style=\"width: 100%; height: 149px;\">\n<tbody>\n<tr style=\"height: 21px;\">\n<td style=\"height: 21px;\"><strong>Ung th\u01b0\u00a0\u00a0\u2713<\/strong><\/td>\n<td style=\"height: 21px;\"><strong>Ti\u1ec3u \u0111\u01b0\u1eddng\u00a0\u00a0\u2713<\/strong><\/td>\n<td style=\"height: 21px;\"><strong>U x\u01a1 nang\u00a0\u00a0\u2713<\/strong><\/td>\n<\/tr>\n<tr style=\"height: 43px;\">\n<td style=\"height: 43px;\"><strong>Ki\u1ec3m so\u00e1t c\u00e2n n\u1eb7ng\u00a0\u00a0\u2713\u00a0\u00a0<\/strong><\/td>\n<td style=\"height: 43px;\"><strong>Ch\u1ee9c n\u0103ng th\u1eadn\u00a0\u00a0\u2713<\/strong><\/td>\n<td style=\"height: 43px;\"><strong>T\u1eafc ngh\u1ebdn ph\u1ed5i m\u00e3n t\u00ednh COPD\u00a0\u00a0\u2713<\/strong><\/td>\n<\/tr>\n<tr style=\"height: 43px;\">\n<td style=\"height: 43px;\"><strong>B\u1ec7nh ngh\u1ec1 nghi\u1ec7p\u00a0\u00a0\u2713<\/strong><\/td>\n<td style=\"height: 43px;\"><strong>Ph\u1eabu thu\u1eadt gi\u1ea3m b\u00e9o\u00a0\u00a0\u2713\u00a0\u00a0<\/strong><\/td>\n<td style=\"height: 43px;\"><strong>Ch\u1eefa tr\u1ecb \u0111a khoa\u00a0\u00a0\u2713<\/strong><\/td>\n<\/tr>\n<tr style=\"height: 21px;\">\n<td style=\"height: 21px;\"><strong>Y d\u01b0\u1ee3c\u00a0\u00a0\u2713<\/strong><\/td>\n<td style=\"height: 21px;\"><strong>Khoa nhi\u00a0\u00a0\u2713<\/strong><\/td>\n<td style=\"height: 21px;\"><strong>L\u00e3o khoa t\u00edch c\u1ef1c\u00a0\u00a0\u2713<\/strong><\/td>\n<\/tr>\n<tr style=\"height: 21px;\">\n<td style=\"height: 21px;\"><strong>V\u1eadt l\u00fd tr\u1ecb li\u1ec7u\u00a0\u00a0\u2713<\/strong><\/td>\n<td style=\"height: 21px;\"><strong>Khoa h\u1ecdc th\u1ec3 thao\u00a0\u00a0\u2713<\/strong><\/td>\n<td style=\"height: 21px;\"><\/td>\n<\/tr>\n<\/tbody>\n<\/table>\n<h3><span style=\"color: #282828;\"><strong>TH\u00d4NG S\u1ed0 K\u1ef8 THU\u1eacT<\/strong><\/span><\/h3>\n<\/div>\n<\/div>\n<\/div>\n<\/div>\n<\/div>\n<\/div>\n<div class=\"row row-collapse align-middle align-center\"  id=\"row-1894748567\">\n\n\t<div id=\"col-1547031702\" class=\"col medium-7 small-12 large-7\"  >\n\t\t\t\t<div class=\"col-inner text-center\"  >\n\t\t\t\n\t\t\t\n<table style=\"height: 232px; width: 100.145%; border-style: none; border-color: #000000;\">\n<tbody>\n<tr style=\"height: 21px;\">\n<td style=\"height: 21px; border-style: solid; border-color: #000000; width: 37.662%;\">C\u1ea5p ch\u00ednh x\u00e1c<\/td>\n<td style=\"height: 21px; border-style: solid; border-color: #000000; width: 76.7866%;\">MDD Class II-a, NAWI Class III<\/td>\n<\/tr>\n<tr style=\"height: 21px;\">\n<td style=\"height: 21px; border-style: solid; border-color: #000000; width: 37.662%;\">C\u1ea5p ph\u00e9p Y t\u1ebf<\/td>\n<td style=\"height: 21px; border-style: solid; border-color: #000000; width: 76.7866%;\"><strong>FDA, MDD s\u1eed d\u1ee5ng trong y t\u1ebf<\/strong><\/td>\n<\/tr>\n<tr style=\"height: 21px;\">\n<td style=\"height: 21px; border-style: solid; border-color: #000000; width: 37.662%;\">T\u1ea7n s\u1ed1 BIA<\/td>\n<td style=\"height: 21px; border-style: solid; border-color: #000000; width: 76.7866%;\">5kHz, 50kHz, 250kHz<\/td>\n<\/tr>\n<tr style=\"height: 21px;\">\n<td style=\"height: 21px; border-style: solid; border-color: #000000; width: 37.662%;\">Tu\u1ed5i ng\u01b0\u1eddi d\u00f9ng<\/td>\n<td style=\"height: 21px; border-style: solid; border-color: #000000; width: 76.7866%;\">5 &#8211; 99<\/td>\n<\/tr>\n<tr style=\"height: 21px;\">\n<td style=\"height: 21px; border-style: solid; border-color: #000000; width: 37.662%;\">Tr\u1ecdng t\u1ea3i<\/td>\n<td style=\"height: 21px; border-style: solid; border-color: #000000; width: 76.7866%;\">270 kg<\/td>\n<\/tr>\n<tr style=\"height: 21px;\">\n<td style=\"height: 21px; border-style: solid; border-color: #000000; width: 37.662%;\">\u0110\u1ed9 chia<\/td>\n<td style=\"height: 21px; border-style: solid; border-color: #000000; width: 76.7866%;\">100g<\/td>\n<\/tr>\n<tr style=\"height: 43px;\">\n<td style=\"height: 43px; border-style: solid; border-color: #000000; width: 37.662%;\">K\u00edch th\u01b0\u1edbc s\u1ea3n ph\u1ea9m<\/td>\n<td style=\"height: 43px; border-style: solid; border-color: #000000; width: 76.7866%;\">(P) 360 x 360 x 1165 mm | (S) 360 x 360 x 94 mm<\/td>\n<\/tr>\n<tr style=\"height: 21px;\">\n<td style=\"height: 21px; border-style: solid; border-color: #000000; width: 37.662%;\">Tr\u1ecdng l\u01b0\u1ee3ng<\/td>\n<td style=\"height: 21px; border-style: solid; border-color: #000000; width: 76.7866%;\">(P) 22 kg | (S) 15.5 kg<\/td>\n<\/tr>\n<tr style=\"height: 21px; border-style: solid; border-color: #000000;\">\n<td style=\"height: 21px; border-style: solid; border-color: #000000; width: 37.662%;\">Ngu\u1ed3n \u0111i\u1ec7n<\/td>\n<td style=\"height: 21px; border-style: solid; border-color: #000000; width: 76.7866%;\">AC 100 &#8211; 240 V<\/td>\n<\/tr>\n<tr style=\"border-style: solid; border-color: #000000;\">\n<td style=\"height: 21px; border-style: solid; border-color: #000000; width: 37.662%;\">Giao di\u1ec7n k\u1ebft n\u1ed1i<\/td>\n<td style=\"height: 21px; border-style: solid; border-color: #000000; width: 76.7866%;\">RS232, USB, khe \u0111\u1ecdc th\u1ebb nh\u1edb SD<\/td>\n<\/tr>\n<\/tbody>\n<\/table>\n\t\t<\/div>\n\t\t\t\t\t<\/div>\n\n\t\n<\/div>\n","protected":false},"excerpt":{"rendered":"<p>M\u00e1y ph\u00e2n t\u00edch t\u1eebng ph\u1ea7n c\u01a1 th\u1ec3 BIA \u0111a t\u1ea7n v\u1edbi m\u00e0n h\u00ecnh console d\u1ec5 thao t\u00e1c &amp; th\u1ebb nh\u1edb SD<\/p>\n<p>TANITA MC-780 MA \u0111\u01b0\u1ee3c thi\u1ebft k\u1ebf tr\u1edf th\u00e0nh m\u1ed9t thi\u1ebft b\u1ecb ho\u1ea1t \u0111\u1ed9ng \u0111\u1ed9c l\u1eadp. Kh\u00e1ch h\u00e0ng c\u1ee7a b\u1ea1n c\u00f3 th\u1ec3 \u0111\u1ee9ng l\u00ean thi\u1ebft b\u1ecb, t\u1ef1 s\u1eed d\u1ee5ng m\u00e0 kh\u00f4ng c\u1ea7n t\u1edbi s\u1ef1 h\u1ed7 tr\u1ee3 c\u1ee7a chuy\u00ean gia. Vi\u1ec7c ph\u00e2n t\u00edch chi ti\u1ebft t\u1eebng ph\u1ea7n c\u01a1 th\u1ec3 s\u1ebd \u0111\u01b0\u1ee3c th\u1ef1c hi\u1ec7n ch\u1ec9 trong v\u00f2ng 20 gi\u00e2y. M\u00e0n h\u00ecnh led m\u00e0u k\u00e9p l\u1edbn hi\u1ec3n th\u1ecb k\u1ebft qu\u1ea3 ph\u00e2n t\u00edch to\u00e0n th\u00e2n v\u00e0 t\u1eebng ph\u1ea7n c\u01a1 th\u1ec3 m\u1ed9t c\u00e1ch tr\u1ef1c quan v\u00e0 d\u1ec5 hi\u1ec3u. MC-780 MA \u0111\u00e3 \u0111\u01b0\u1ee3c ch\u1ee9ng nh\u1eadn \u0111\u1ed9 ch\u00ednh x\u00e1c v\u1edbi ch\u1ee9ng ch\u1ec9\u00a0FDA, MDD Class II-a\u00a0v\u00e0\u00a0NAWI Class III\u00a0cho ph\u00e9p s\u1eed d\u1ee5ng trong t\u01b0 v\u1ea5n y t\u1ebf.<\/p>\n","protected":false},"featured_media":1061,"comment_status":"open","ping_status":"closed","template":"","meta":[],"product_cat":[26],"product_tag":[],"class_list":["post-1060","product","type-product","status-publish","has-post-thumbnail","hentry","product_cat-can-chuyen-dung"],"yoast_head":"<!-- This site is optimized with the Yoast SEO plugin v19.5.1 - https:\/\/yoast.com\/wordpress\/plugins\/seo\/ -->\n<title>M\u00e1y ph\u00e2n t\u00edch th\u00e0nh ph\u1ea7n c\u01a1 th\u1ec3 TANITA MC-780MA (\u0110a T\u1ea7n) - tanita store vn<\/title>\n<meta name=\"robots\" content=\"index, follow, max-snippet:-1, max-image-preview:large, max-video-preview:-1\" \/>\n<link rel=\"canonical\" href=\"https:\/\/tanitastore.vn\/index.php\/product\/may-phan-tich-thanh-phan-co-the-tanita-mc-780ma-da-tan\/\" \/>\n<meta property=\"og:locale\" content=\"vi_VN\" \/>\n<meta property=\"og:type\" content=\"article\" \/>\n<meta property=\"og:title\" content=\"M\u00e1y ph\u00e2n t\u00edch th\u00e0nh ph\u1ea7n c\u01a1 th\u1ec3 TANITA MC-780MA (\u0110a T\u1ea7n) - tanita store vn\" \/>\n<meta property=\"og:description\" content=\"M\u00e1y ph\u00e2n t\u00edch t\u1eebng ph\u1ea7n c\u01a1 th\u1ec3 BIA \u0111a t\u1ea7n v\u1edbi m\u00e0n h\u00ecnh console d\u1ec5 thao t\u00e1c &amp; th\u1ebb nh\u1edb SD  TANITA MC-780 MA \u0111\u01b0\u1ee3c thi\u1ebft k\u1ebf tr\u1edf th\u00e0nh m\u1ed9t thi\u1ebft b\u1ecb ho\u1ea1t \u0111\u1ed9ng \u0111\u1ed9c l\u1eadp. Kh\u00e1ch h\u00e0ng c\u1ee7a b\u1ea1n c\u00f3 th\u1ec3 \u0111\u1ee9ng l\u00ean thi\u1ebft b\u1ecb, t\u1ef1 s\u1eed d\u1ee5ng m\u00e0 kh\u00f4ng c\u1ea7n t\u1edbi s\u1ef1 h\u1ed7 tr\u1ee3 c\u1ee7a chuy\u00ean gia. Vi\u1ec7c ph\u00e2n t\u00edch chi ti\u1ebft t\u1eebng ph\u1ea7n c\u01a1 th\u1ec3 s\u1ebd \u0111\u01b0\u1ee3c th\u1ef1c hi\u1ec7n ch\u1ec9 trong v\u00f2ng 20 gi\u00e2y. M\u00e0n h\u00ecnh led m\u00e0u k\u00e9p l\u1edbn hi\u1ec3n th\u1ecb k\u1ebft qu\u1ea3 ph\u00e2n t\u00edch to\u00e0n th\u00e2n v\u00e0 t\u1eebng ph\u1ea7n c\u01a1 th\u1ec3 m\u1ed9t c\u00e1ch tr\u1ef1c quan v\u00e0 d\u1ec5 hi\u1ec3u. MC-780 MA \u0111\u00e3 \u0111\u01b0\u1ee3c ch\u1ee9ng nh\u1eadn \u0111\u1ed9 ch\u00ednh x\u00e1c v\u1edbi ch\u1ee9ng ch\u1ec9\u00a0FDA, MDD Class II-a\u00a0v\u00e0\u00a0NAWI Class III\u00a0cho ph\u00e9p s\u1eed d\u1ee5ng trong t\u01b0 v\u1ea5n y t\u1ebf.\" \/>\n<meta property=\"og:url\" content=\"https:\/\/tanitastore.vn\/index.php\/product\/may-phan-tich-thanh-phan-co-the-tanita-mc-780ma-da-tan\/\" \/>\n<meta property=\"og:site_name\" content=\"tanita store vn\" \/>\n<meta property=\"article:modified_time\" content=\"2024-08-31T05:59:39+00:00\" \/>\n<meta property=\"og:image\" content=\"https:\/\/tanitastore.vn\/wp-content\/uploads\/2022\/10\/147_mc780ma_1_1.jpg\" \/>\n\t<meta property=\"og:image:width\" content=\"700\" \/>\n\t<meta property=\"og:image:height\" content=\"700\" \/>\n\t<meta property=\"og:image:type\" content=\"image\/jpeg\" \/>\n<meta name=\"twitter:card\" content=\"summary_large_image\" \/>\n<meta name=\"twitter:label1\" content=\"\u01af\u1edbc t\u00ednh th\u1eddi gian \u0111\u1ecdc\" \/>\n\t<meta name=\"twitter:data1\" content=\"2 ph\u00fat\" \/>\n<script type=\"application\/ld+json\" class=\"yoast-schema-graph\">{\"@context\":\"https:\/\/schema.org\",\"@graph\":[{\"@type\":\"WebPage\",\"@id\":\"https:\/\/tanitastore.vn\/index.php\/product\/may-phan-tich-thanh-phan-co-the-tanita-mc-780ma-da-tan\/\",\"url\":\"https:\/\/tanitastore.vn\/index.php\/product\/may-phan-tich-thanh-phan-co-the-tanita-mc-780ma-da-tan\/\",\"name\":\"M\u00e1y ph\u00e2n t\u00edch th\u00e0nh ph\u1ea7n c\u01a1 th\u1ec3 TANITA MC-780MA (\u0110a T\u1ea7n) - tanita store vn\",\"isPartOf\":{\"@id\":\"https:\/\/tanitastore.vn\/#website\"},\"datePublished\":\"2022-10-06T15:32:04+00:00\",\"dateModified\":\"2024-08-31T05:59:39+00:00\",\"breadcrumb\":{\"@id\":\"https:\/\/tanitastore.vn\/index.php\/product\/may-phan-tich-thanh-phan-co-the-tanita-mc-780ma-da-tan\/#breadcrumb\"},\"inLanguage\":\"vi\",\"potentialAction\":[{\"@type\":\"ReadAction\",\"target\":[\"https:\/\/tanitastore.vn\/index.php\/product\/may-phan-tich-thanh-phan-co-the-tanita-mc-780ma-da-tan\/\"]}]},{\"@type\":\"BreadcrumbList\",\"@id\":\"https:\/\/tanitastore.vn\/index.php\/product\/may-phan-tich-thanh-phan-co-the-tanita-mc-780ma-da-tan\/#breadcrumb\",\"itemListElement\":[{\"@type\":\"ListItem\",\"position\":1,\"name\":\"Home\",\"item\":\"https:\/\/tanitastore.vn\/\"},{\"@type\":\"ListItem\",\"position\":2,\"name\":\"Shop\",\"item\":\"https:\/\/tanitastore.vn\/index.php\/shop\/\"},{\"@type\":\"ListItem\",\"position\":3,\"name\":\"M\u00e1y ph\u00e2n t\u00edch th\u00e0nh ph\u1ea7n c\u01a1 th\u1ec3 TANITA MC-780MA (\u0110a T\u1ea7n)\"}]},{\"@type\":\"WebSite\",\"@id\":\"https:\/\/tanitastore.vn\/#website\",\"url\":\"https:\/\/tanitastore.vn\/\",\"name\":\"tanita store vn\",\"description\":\"Nh\u00e0 ph\u00e2n ph\u1ed1i ch\u00ednh h\u00e3ng Tanita t\u1ea1i Vi\u1ec7t Nam\",\"potentialAction\":[{\"@type\":\"SearchAction\",\"target\":{\"@type\":\"EntryPoint\",\"urlTemplate\":\"https:\/\/tanitastore.vn\/?s={search_term_string}\"},\"query-input\":\"required name=search_term_string\"}],\"inLanguage\":\"vi\"}]}<\/script>\n<!-- \/ Yoast SEO plugin. -->","yoast_head_json":{"title":"M\u00e1y ph\u00e2n t\u00edch th\u00e0nh ph\u1ea7n c\u01a1 th\u1ec3 TANITA MC-780MA (\u0110a T\u1ea7n) - tanita store vn","robots":{"index":"index","follow":"follow","max-snippet":"max-snippet:-1","max-image-preview":"max-image-preview:large","max-video-preview":"max-video-preview:-1"},"canonical":"https:\/\/tanitastore.vn\/index.php\/product\/may-phan-tich-thanh-phan-co-the-tanita-mc-780ma-da-tan\/","og_locale":"vi_VN","og_type":"article","og_title":"M\u00e1y ph\u00e2n t\u00edch th\u00e0nh ph\u1ea7n c\u01a1 th\u1ec3 TANITA MC-780MA (\u0110a T\u1ea7n) - tanita store vn","og_description":"M\u00e1y ph\u00e2n t\u00edch t\u1eebng ph\u1ea7n c\u01a1 th\u1ec3 BIA \u0111a t\u1ea7n v\u1edbi m\u00e0n h\u00ecnh console d\u1ec5 thao t\u00e1c &amp; th\u1ebb nh\u1edb SD  TANITA MC-780 MA \u0111\u01b0\u1ee3c thi\u1ebft k\u1ebf tr\u1edf th\u00e0nh m\u1ed9t thi\u1ebft b\u1ecb ho\u1ea1t \u0111\u1ed9ng \u0111\u1ed9c l\u1eadp. Kh\u00e1ch h\u00e0ng c\u1ee7a b\u1ea1n c\u00f3 th\u1ec3 \u0111\u1ee9ng l\u00ean thi\u1ebft b\u1ecb, t\u1ef1 s\u1eed d\u1ee5ng m\u00e0 kh\u00f4ng c\u1ea7n t\u1edbi s\u1ef1 h\u1ed7 tr\u1ee3 c\u1ee7a chuy\u00ean gia. Vi\u1ec7c ph\u00e2n t\u00edch chi ti\u1ebft t\u1eebng ph\u1ea7n c\u01a1 th\u1ec3 s\u1ebd \u0111\u01b0\u1ee3c th\u1ef1c hi\u1ec7n ch\u1ec9 trong v\u00f2ng 20 gi\u00e2y. M\u00e0n h\u00ecnh led m\u00e0u k\u00e9p l\u1edbn hi\u1ec3n th\u1ecb k\u1ebft qu\u1ea3 ph\u00e2n t\u00edch to\u00e0n th\u00e2n v\u00e0 t\u1eebng ph\u1ea7n c\u01a1 th\u1ec3 m\u1ed9t c\u00e1ch tr\u1ef1c quan v\u00e0 d\u1ec5 hi\u1ec3u. MC-780 MA \u0111\u00e3 \u0111\u01b0\u1ee3c ch\u1ee9ng nh\u1eadn \u0111\u1ed9 ch\u00ednh x\u00e1c v\u1edbi ch\u1ee9ng ch\u1ec9\u00a0FDA, MDD Class II-a\u00a0v\u00e0\u00a0NAWI Class III\u00a0cho ph\u00e9p s\u1eed d\u1ee5ng trong t\u01b0 v\u1ea5n y t\u1ebf.","og_url":"https:\/\/tanitastore.vn\/index.php\/product\/may-phan-tich-thanh-phan-co-the-tanita-mc-780ma-da-tan\/","og_site_name":"tanita store vn","article_modified_time":"2024-08-31T05:59:39+00:00","og_image":[{"width":700,"height":700,"url":"https:\/\/tanitastore.vn\/wp-content\/uploads\/2022\/10\/147_mc780ma_1_1.jpg","type":"image\/jpeg"}],"twitter_card":"summary_large_image","twitter_misc":{"\u01af\u1edbc t\u00ednh th\u1eddi gian \u0111\u1ecdc":"2 ph\u00fat"},"schema":{"@context":"https:\/\/schema.org","@graph":[{"@type":"WebPage","@id":"https:\/\/tanitastore.vn\/index.php\/product\/may-phan-tich-thanh-phan-co-the-tanita-mc-780ma-da-tan\/","url":"https:\/\/tanitastore.vn\/index.php\/product\/may-phan-tich-thanh-phan-co-the-tanita-mc-780ma-da-tan\/","name":"M\u00e1y ph\u00e2n t\u00edch th\u00e0nh ph\u1ea7n c\u01a1 th\u1ec3 TANITA MC-780MA (\u0110a T\u1ea7n) - tanita store vn","isPartOf":{"@id":"https:\/\/tanitastore.vn\/#website"},"datePublished":"2022-10-06T15:32:04+00:00","dateModified":"2024-08-31T05:59:39+00:00","breadcrumb":{"@id":"https:\/\/tanitastore.vn\/index.php\/product\/may-phan-tich-thanh-phan-co-the-tanita-mc-780ma-da-tan\/#breadcrumb"},"inLanguage":"vi","potentialAction":[{"@type":"ReadAction","target":["https:\/\/tanitastore.vn\/index.php\/product\/may-phan-tich-thanh-phan-co-the-tanita-mc-780ma-da-tan\/"]}]},{"@type":"BreadcrumbList","@id":"https:\/\/tanitastore.vn\/index.php\/product\/may-phan-tich-thanh-phan-co-the-tanita-mc-780ma-da-tan\/#breadcrumb","itemListElement":[{"@type":"ListItem","position":1,"name":"Home","item":"https:\/\/tanitastore.vn\/"},{"@type":"ListItem","position":2,"name":"Shop","item":"https:\/\/tanitastore.vn\/index.php\/shop\/"},{"@type":"ListItem","position":3,"name":"M\u00e1y ph\u00e2n t\u00edch th\u00e0nh ph\u1ea7n c\u01a1 th\u1ec3 TANITA MC-780MA (\u0110a T\u1ea7n)"}]},{"@type":"WebSite","@id":"https:\/\/tanitastore.vn\/#website","url":"https:\/\/tanitastore.vn\/","name":"tanita store vn","description":"Nh\u00e0 ph\u00e2n ph\u1ed1i ch\u00ednh h\u00e3ng Tanita t\u1ea1i Vi\u1ec7t Nam","potentialAction":[{"@type":"SearchAction","target":{"@type":"EntryPoint","urlTemplate":"https:\/\/tanitastore.vn\/?s={search_term_string}"},"query-input":"required name=search_term_string"}],"inLanguage":"vi"}]}},"_links":{"self":[{"href":"https:\/\/tanitastore.vn\/index.php\/wp-json\/wp\/v2\/product\/1060","targetHints":{"allow":["GET"]}}],"collection":[{"href":"https:\/\/tanitastore.vn\/index.php\/wp-json\/wp\/v2\/product"}],"about":[{"href":"https:\/\/tanitastore.vn\/index.php\/wp-json\/wp\/v2\/types\/product"}],"replies":[{"embeddable":true,"href":"https:\/\/tanitastore.vn\/index.php\/wp-json\/wp\/v2\/comments?post=1060"}],"wp:featuredmedia":[{"embeddable":true,"href":"https:\/\/tanitastore.vn\/index.php\/wp-json\/wp\/v2\/media\/1061"}],"wp:attachment":[{"href":"https:\/\/tanitastore.vn\/index.php\/wp-json\/wp\/v2\/media?parent=1060"}],"wp:term":[{"taxonomy":"product_cat","embeddable":true,"href":"https:\/\/tanitastore.vn\/index.php\/wp-json\/wp\/v2\/product_cat?post=1060"},{"taxonomy":"product_tag","embeddable":true,"href":"https:\/\/tanitastore.vn\/index.php\/wp-json\/wp\/v2\/product_tag?post=1060"}],"curies":[{"name":"wp","href":"https:\/\/api.w.org\/{rel}","templated":true}]}}